{"id":267,"date":"2019-09-03T22:27:28","date_gmt":"2019-09-03T20:27:28","guid":{"rendered":"https:\/\/mojoincorporation.wordpress.com\/?page_id=267"},"modified":"2022-04-16T20:50:31","modified_gmt":"2022-04-16T20:50:31","slug":"about","status":"publish","type":"page","link":"https:\/\/mojoincorporation.com\/","title":{"rendered":"about"},"content":{"rendered":"\n<p>Diese Kapelle hat alles, was es braucht: Schmalz, Haltung und Sexyness! Mojo Incorporation atmet den Geist der Sixties und Seventies, lebt aber voll in der Gegenwart. Getragen von der charismatischen Stimme von Leads\u00e4ngerin Tamina Mayrw\u00f6ger bringen die sieben spielfreudigen Herren mit starken Bl\u00e4sereins\u00e4tzen und einer energischen Rhythmussektion einen Sound auf die B\u00fchne, der elegant die Kraft des Blues, die Message des Soul und den Sex des Funks verbindet. Die Partie garantiert das perfekte Produkt f\u00fcr Herz, Hirn und Beine \u2013 im Studio wie live auf der B\u00fchne! Denn Mojo ist ein Gericht, das am besten hei\u00df serviert wird.<\/p>\n\n\n\n<p><strong>Yummy!<\/strong><\/p>\n\n\n\n<p>Songs wie &#8222;One Shot&#8220;, &#8222;Evil Funk&#8220; oder &#8222;Rotten Tomatoes&#8220; werden Tanzmuffeln ein schweres Leben machen. Die Mojo Incorporation kann ordentlich anschieben, liebt es aber auch geschmeidig und entspannt. Zuweilen gibt es auch ebenso \u00fcberraschende wie begl\u00fcckende melancholische Momente wie in &#8222;Backseat&#8220; und &#8222;Shiftless&#8220;. Immer ist die Kraft zu sp\u00fcren, die jederzeit entfesselt werden kann. Im furiosen Finale &#8222;The Axe&#8220; gibt das Oktett noch einmal alles. Der gemeinsame Nenner der neun Songs: Live life to the Fullest!<\/p>\n","protected":false},"excerpt":{"rendered":"<p>Diese Kapelle hat alles, was es braucht: Schmalz, Haltung und Sexyness! Mojo Incorporation atmet den Geist der Sixties und Seventies, lebt aber voll in der Gegenwart. Getragen von der charismatischen Stimme von Leads\u00e4ngerin Tamina Mayrw\u00f6ger bringen die sieben spielfreudigen Herren mit starken Bl\u00e4sereins\u00e4tzen und einer energischen Rhythmussektion einen Sound auf die B\u00fchne, der elegant die &hellip; <\/p>\n<p class=\"link-more\"><a href=\"https:\/\/mojoincorporation.com\/\" class=\"more-link\">Continue reading<span class=\"screen-reader-text\"> &#8222;about&#8220;<\/span><\/a><\/p>\n","protected":false},"author":2,"featured_media":0,"parent":0,"menu_order":0,"comment_status":"closed","ping_status":"closed","template":"","meta":{"footnotes":""},"class_list":["post-267","page","type-page","status-publish","hentry"],"_links":{"self":[{"href":"https:\/\/mojoincorporation.com\/index.php?rest_route=\/wp\/v2\/pages\/267","targetHints":{"allow":["GET"]}}],"collection":[{"href":"https:\/\/mojoincorporation.com\/index.php?rest_route=\/wp\/v2\/pages"}],"about":[{"href":"https:\/\/mojoincorporation.com\/index.php?rest_route=\/wp\/v2\/types\/page"}],"author":[{"embeddable":true,"href":"https:\/\/mojoincorporation.com\/index.php?rest_route=\/wp\/v2\/users\/2"}],"replies":[{"embeddable":true,"href":"https:\/\/mojoincorporation.com\/index.php?rest_route=%2Fwp%2Fv2%2Fcomments&post=267"}],"version-history":[{"count":11,"href":"https:\/\/mojoincorporation.com\/index.php?rest_route=\/wp\/v2\/pages\/267\/revisions"}],"predecessor-version":[{"id":694,"href":"https:\/\/mojoincorporation.com\/index.php?rest_route=\/wp\/v2\/pages\/267\/revisions\/694"}],"wp:attachment":[{"href":"https:\/\/mojoincorporation.com\/index.php?rest_route=%2Fwp%2Fv2%2Fmedia&parent=267"}],"curies":[{"name":"wp","href":"https:\/\/api.w.org\/{rel}","templated":true}]}}